o**2 + 4*o + 23. Let a be j(-11). Calculate the highest common factor of t and a.
17
Let v(a) = a**3 - 38*a**2 + 142*a + 48. Let y(q) = 3*q - 23. Let z be y(19). Let g be v(z). What is the greatest common divisor of 28 and g?
28
Let t be (5*2)/(2 + (-9)/5). Suppose t = 11*r - 49. What is the greatest common divisor of 9 and r?
9
Suppose -3*q + 12 = 2*b, q - 6 + 2 = 2*b. Suppose 5*t = 5*k + 185, -q*t - 5*k + 159 - 2 = 0. Calculate the greatest common factor of t and 57.
19
Let v(t) = 2*t**2 + 3*t - 7. Let b = -25 + 22. Let z be v(b). Suppose -2*p = -z*m + 2 - 18, 0 = 5*p - 2*m - 28. What is the highest common factor of p and 28?
4
Let c = -15784 - -15800. What is the highest common factor of c and 55360?
16
Let f = 5214 + -4190. What is the greatest common divisor of f and 704?
64
Suppose 3*f - 83 = 4*p, -5*f + 97 = 4*p + 12. Let r = 64 + -74. Let q be -7*-2*(-5)/r. What is the highest common divisor of f and q?
7
Let l be -96*(0 + 4/(-6)). Suppose -4*v - 4*s = 28, -3*v - 427*s - 5 = -426*s. Calculate the greatest common factor of l and v.
1
Let v = 25711 + -24253. What is the highest common factor of 558 and v?
18
Suppose 18 = 41*a + 223. Let j be 5*((-5408)/a)/8. What is the highest common divisor of j and 52?
52
Suppose 0 = 2*w + 5*f - 56, 5*w + 2*f - 74 = 6*f. What is the greatest common divisor of w and 3177?
9
Let h be 2/(-6)*3 + 965. Let p be (-4)/(-96)*h + 2/(-12). Let c = -10 - -18. Calculate the highest common divisor of p and c.
8
Let z be ((-1125)/(-6))/(18/24). Let r be 18/(4*5/z). Suppose 0 = 2*g - 8, 49 = -5*j + g + r. What is the highest common divisor of 360 and j?
36
Suppose -26615 = -28*r + 6641 + 45004. What is the greatest common factor of 1040 and r?
65
Let k = 80 - 80. Let d be 15 - -57 - (-8 + k). What is the highest common factor of 32 and d?
16
Let a(f) = 1676*f**2 + 9*f + 3. Let l be a(-2). Suppose 0 = -20*s + l + 14931. What is the greatest common factor of 47 and s?
47
Suppose 0 = 3*p + 3*r + 159, 7*r - 91 = 2*p + 4*r. Let m be (-3)/(-2) + p/(-4). Calculate the greatest common factor of m and 7.
7
Let p(w) = 1381*w**2 + 24*w + 133. Let r be p(-3). Calculate the highest common divisor of 10 and r.
10
Let w = 165 - 132. Let r be -8 + (-243)/(-8) + (-24)/64. Calculate the greatest common factor of r and w.
11
Let u(p) = 36*p**2 - 108*p + 7. Let b be u(3). What is the greatest common factor of 945 and b?
7
Let n = 3211 + -3205. Calculate the highest common factor of 150 and n.
6
Suppose -4*a - 3*u + 6*u = -107, 78 = 2*a + 2*u. What is the highest common factor of a and 2048?
32
Suppose 0 = 83*d - 101351 - 171086 + 57467. What is the greatest common divisor of d and 140?
70
Let z(f) = f**3 - 10*f**2 - 98*f + 1196. Let l be z(13). Calculate the highest common factor of l and 1677.
39
Let p be (9150/2135)/(((-1)/(-7))/1). Let d = -126 - -516. What is the highest common factor of d and p?
30
Let w be -2 - (-2 + 1)*23. Suppose 3 = 3*p - 9. Suppose 5*f = -4*s + 736, -p*f - f - 965 = -5*s. Calculate the highest common divisor of s and w.
21
Suppose 2*v - 75 = -3*x, 20*v - 3*x = 23*v - 111. What is the highest common divisor of v and 31914?
18
Let z(t) = -t - 9. Suppose 22*s - 30*s = 88. Let d be z(s). Suppose 3*f - f - d*u - 42 = 0, -4*f + 74 = -2*u. What is the greatest common divisor of 144 and f?
16
Let r = 4685 - 4681. Calculate the highest common factor of r and 1804.
4
Suppose 2*p + 2*r = -6, r + 3 + 6 = 5*p. Suppose h = -2*h + 63. Let u = -9 + h. Calculate the highest common factor of p and u.
1
Let r = 23474 + -22334. What is the highest common divisor of r and 228?
228
Let a = 212 + -308. Let j = a - -118. Calculate the greatest common divisor of 242 and j.
22
Let z = 3 + -3. Suppose z = -5*k, p + k - 4 = 6. Suppose 70 = 40*m + 26 - 36. Calculate the highest common factor of m and p.
2
Let v be -1 - (-47 - -4) - 2*-1. Let d = 931 + 257. What is the greatest common factor of v and d?
44
Let a(k) = 10*k**3 - 3*k**2 - 4*k + 5. Suppose 2*w - 5*g + 21 = 0, -w - 8 + 25 = 3*g. Let q be a(w). Calculate the highest common divisor of q and 117.
13
Suppose 185*d = 170*d + 75. Let l be ((-80)/28)/((-1)/28). What is the highest common divisor of d and l?
5
Let s = 687 + 2072. What is the greatest common factor of s and 267?
89
Let q = 2670 - 2506. What is the highest common divisor of q and 738?
82
Suppose 2468 = 105*q - 3560 + 1303. What is the greatest common divisor of 4491 and q?
9
Let u(g) = -1336*g + 5764. Let z be u(4). Let s(d) = d**3 + 8*d**2 - 5*d. Let q be s(-4). What is the highest common factor of q and z?
84
Let v be (-1498)/(-7) + -25 + 42. What is the greatest common factor of 147 and v?
21
Suppose -4*l + 7 = -9, 2*a - 112 = -4*l. Suppose -4*m = -2*g + 4*g - 126, 0 = m + g - 33. What is the greatest common divisor of a and m?
6
Suppose 143 = x + 148. Let o be x + 86/18 - 112/(-18). What is the highest common divisor of 138 and o?
6
Let y(l) be the second derivative of 16*l**3/3 + 149*l**2 - 302*l. Let v be y(24). What is the highest common factor of v and 26?
26
Suppose 0 = 517*w - 528*w - 792. Let t be -4 + w/(-28)*7. What is the greatest common divisor of 16 and t?
2
Suppose 19936*g - 1518 = 19913*g. Suppose 0*t - 5*t - c = -435, -t + c = -93. Calculate the highest common divisor of g and t.
22
Let y = 72 - 71. Let h be (4 - 5)/(y/(-12)). What is the greatest common factor of h and 60?
12
Suppose 6*f - 31 = -3*s + 4*f, -f = -5. Suppose -21*j + 1111 - 560 = -1066. Calculate the highest common factor of j and s.
7
Suppose -12 = -t + 5*n - 1, 3*n = -3*t + 15. Let g be 48/(-9)*18*t/(-12). Calculate the greatest common divisor of 80 and g.
16
Suppose 2*s + 3*g + 777 = 6*s, 586 = 3*s + g. Calculate the highest common factor of 1105 and s.
65
Let s = 34 - 20. Let y be 186/(-682) + (-1235)/(-11). Calculate the greatest common factor of y and s.
14
Let t = -12782 + 12830. Let k(c) = 7*c**2 - 2*c. Let b be k(-2). Calculate the highest common factor of b and t.
16
Suppose -1137 = -4*i - 5*l, -4 = 2*l + 2. Suppose -286*x - 112 = -i*x. Calculate the greatest common divisor of 24 and x.
8
Suppose 5*o + 2*y + 393 = 1364, 3*y = 3*o - 570. Let g = 235 - o. Calculate the highest common factor of g and 105.
21
Let u(m) = 3*m**2 + 61*m + 22. Let y be u(-20). Let s be (11 - -1)/(y*(-2)/(-10)). Let h = 68 - -7. What is the highest common factor of s and h?
15
Suppose 5*x - 30 = 0, -s + 21*x - 16*x + 5206 = 0. Calculate the highest common divisor of s and 56.
28
Suppose -7993 = -70*g - 993. Calculate the highest common factor of g and 32.
4
Let q(a) = -844*a + 88. Let y(d) = -169*d + 17. Let g(s) = 2*q(s) - 11*y(s). Let j be g(1). What is the greatest common factor of 8 and j?
8
Suppose -5*u + 476 = 2*t, -u = -t + 4 + 248. Suppose -t*v + 254*v = 816. What is the greatest common divisor of 17 and v?
17
Suppose -3*g + 3*m + 102 = 0, 105*g = 101*g + 5*m + 142. What is the greatest common divisor of 452 and g?
4
Let j = -710 + 722. What is the highest common divisor of j and 2304?
12
Suppose 674 - 3673 = -4*i + q, -5*q + 755 = i. Calculate the highest common factor of 36 and i.
6
Let p = -4772 - -12559. What is the greatest common factor of p and 26?
13
Suppose -2 = -2*z, 2*x = -z - 102 + 363. Suppose 5*o - 43 = -v, 6*v - 4*v - x = o. What is the greatest common factor of 1323 and v?
63
Let h(i) = 12*i**2 - 268*i + 15. Let v be h(0). Let w = -63 + 123. Calculate the highest common factor of v and w.
15
Suppose -17*a = -39 - 675. Suppose -4*u = -76 + 20. Let j = u + a. What is the greatest common factor of j and 14?
14
Let w(n) be the first derivative of 22 + 1/4*n**4 + 17/2*n**2 + 6*n**3 + 11*n. Let s be w(-17). Calculate the greatest common divisor of s and 99.
11
Let j = -443 + 623. Suppose 2*u - 4*d = 28, -4*u + 2*d + 36 = 4*d. What is the highest common divisor of j and u?
10
Let h(c) = -c**3 + 25*c**2 - c + 31. Let n be h(25). Let l be 2*(n + 438/12). What is the greatest common factor of l and 17?
17
Suppose 2*p + 5*r - 33115 = 0, -98*p - 4*r = -102*p + 66132. Calculate the highest common divisor of 20 and p.
20
Let a be 20288/320 - (3/(-5))/1. Calculate the highest common divisor of 56384 and a.
64
Suppose 148*z - 663203 = 1909185. Calculate the greatest common factor of z and 91.
91
Let r(l) be the third derivative of -l**4/3 